be i(14). What is the highest common divisor of 22 and m?
22
Suppose -5*s = -5*u + 5, 2*u = 5*s - 0 - 4. Let x = 5 + -2. What is the highest common divisor of x and u?
3
Let q(o) = o**3 + 13*o**2 + 12*o + 6. Let s be q(-12). What is the greatest common divisor of s and 30?
6
Let p(g) = g**2 - 2*g - 4. Let i be p(-4). Let l = -1 + 4. Suppose -l*u = u - 16. Calculate the greatest common divisor of i and u.
4
Let a(y) = y**2 - 3*y - 7. Let r be a(5). Suppose 0 = 2*d + 1 + r, 2*z - 80 = -5*d. Let t = z + -26. Calculate the highest common factor of 76 and t.
19
Let m = 4 - -5. Calculate the greatest common divisor of m and 27.
9
Suppose -13*c + 12*c - 13 = 0. Let f = c - -20. What is the highest common factor of 63 and f?
7
Suppose 10*k = 6*k + 32. What is the highest common divisor of 1 and k?
1
Let z = -141 - -151. Suppose 0 = 3*k - 2*k + 7. Let o = k + 17. Calculate the greatest common factor of o and z.
10
Let v(k) = 2*k**2 - 7*k. Let j be v(-5). Suppose 3*r + 2*p - 63 = 2*r, -4*r + 204 = -4*p. Let c = r + -21. Calculate the highest common divisor of j and c.
17
Let b(d) = d**3 + d + 1. Let w(l) = 5*l**3 + 3*l**2 + 9*l + 9. Let m(t) = 4*b(t) - w(t). Let g be m(-5). What is the highest common factor of 28 and g?
14
Suppose 2*a - 32 = -2*a. Suppose 0 = b - 3*b + 128. What is the highest common divisor of a and b?
8
Let p = 58 + -48. What is the highest common factor of 30 and p?
10
Let h(t) = -2*t**3 - 7*t**2 + 3*t - 10. Let n be h(-6). Suppose -2*u - 3*u + 95 = 0. What is the greatest common factor of n and u?
19
Let m = 15 - 57. Let s = -201 - -126. Let t = m - s. Calculate the highest common divisor of t and 3.
3
Let z(t) = -t**3 - 21*t**2 + 21*t - 10. Let g be z(-22). What is the highest common divisor of 108 and g?
12
Suppose 2*u - 114 = 4*k, 3 = -u + 5*k + 63. What is the highest common factor of 11 and u?
11
Let t = 6 - -11. What is the greatest common factor of 34 and t?
17
Let x = 141 - 93. Calculate the highest common divisor of x and 32.
16
Suppose 0 = n + 3 - 6. Let l be (21/n)/(2/54). Calculate the greatest common divisor of 21 and l.
21
Let b = 69 - 59. Calculate the greatest common divisor of 80 and b.
10
Let r be ((-20)/6)/(1/3). Let y be (-1174)/r + (-4)/10. Suppose -25 - 27 = -4*p. Calculate the greatest common divisor of y and p.
13
Let i(w) = 18*w + 1. Let n be i(-1). Let k = -18 + 49. Let r = k + n. Calculate the greatest common divisor of 14 and r.
14
Suppose c = 2*c - 4, -c = 3*j - 130. Let x = -23 + j. What is the greatest common factor of 152 and x?
19
Suppose -47 = -f + 223. Calculate the highest common factor of f and 30.
30
Let u = 124 - 49. Let i(b) = 2*b**3 + 7*b**2 + 2*b**3 - 3*b**3 + 4*b - 2. Let d be i(-4). What is the highest common factor of d and u?
15
Let s(t) = -t**2 + 12*t + 16. Let b be s(12). Suppose 5*v = 3*v + b. Let k(w) = w**2 + w + 4. Let y be k(4). Calculate the highest common factor of v and y.
8
Suppose 5*c + 2*w - 2 - 14 = 0, 20 = 4*c - 2*w. Let q be (26/5)/(c/10). What is the highest common divisor of 117 and q?
13
Let l be ((-7)/2)/(12/(-24)). Suppose 10 = 4*z - 26. Suppose 4*m + 175 = z*m. Calculate the highest common factor of l and m.
7
Let y = -9 - -8. Let c be y/3 - (-100)/12. Calculate the highest common factor of c and 32.
8
Let s = 17 - 38. Let l be (-2 + s/(-9))*51. Calculate the greatest common divisor of 153 and l.
17
Let j(u) = -3*u + 29. Let c be j(9). Calculate the greatest common factor of c and 5.
1
Let d = 284 - 103. Suppose 13 = -4*v + d. Calculate the greatest common divisor of 28 and v.
14
Let h(s) = 5*s**2 - s - 3. Let v be h(2). What is the greatest common divisor of v and 135?
15
Suppose 4*y = 17 + 143. What is the greatest common divisor of 8 and y?
8
Suppose -5*t + 106 = -44. Suppose 5*x + 2*d + 9 = t, 3*d = 9. Calculate the highest common factor of 27 and x.
3
Suppose 0 = i - 9 - 111. Let c = i + -72. What is the greatest common factor of c and 6?
6
Suppose -5*k - 2*n = -150, 2*k - 145 = -3*k - n. Suppose -x - k = 44. Let a be 5 + -5 - x/1. Calculate the greatest common divisor of 9 and a.
9
Let n(x) = 4*x**2 + 23*x - 1. Let s be n(-10). What is the highest common divisor of 13 and s?
13
Let l = 102 + -73. Calculate the greatest common divisor of 319 and l.
29
Let w(k) = 46*k - 5 - 13*k + 4. Let d be w(1). Let q = d + -8. What is the highest common factor of 60 and q?
12
Suppose -f = 4*u - 341, 3*u - 250 = 4*f + f. Suppose -z = -5*s - 4, 0*z = 4*z + 3*s - u. Let p be -399*2*(-3)/18. What is the highest common divisor of p and z?
19
Let v = 23 - 38. Let y = v - -69. Calculate the greatest common factor of 6 and y.
6
Let a = 55 + -30. Let d = 70 - a. What is the greatest common divisor of d and 5?
5
Suppose 0 = 2*t - 273 + 13. Calculate the highest common divisor of t and 52.
26
Suppose -5 = g + 9. Let z = 22 + g. Let t be -4 - (-3 - (4 + 61)). What is the highest common divisor of t and z?
8
Let t(j) = j**3 - 4*j**2 + j - 4. Let g be t(5). Let a be -3 - (-5)/((-5)/(-29)). Calculate the highest common factor of g and a.
26
Suppose -6*y + 21 = -3*y. Let o = y + -1. What is the highest common factor of 48 and o?
6
Suppose 3*v + 17 = 2. Let m(b) = b**3 - 4*b**2 + 2*b - 3. Let a be m(4). Let r = a - v. What is the greatest common factor of 70 and r?
10
Let p(m) = 2*m**2 - 4*m - 4. Let n be p(4). Suppose 7*x + 66 = 29*x. Calculate the highest common factor of x and n.
3
Let l be (-2)/(-6) - (-141)/9. Suppose 0 = -z + l + 18. Calculate the greatest common factor of 51 and z.
17
Suppose -3*i + 0*i = -2*f + 1, 2*f = -5*i + 25. Suppose 3*b = -2*o + 60, -i*o = b - 59 - 38. Calculate the highest common factor of 3 and o.
3
Suppose -47 = -2*g - 15. What is the greatest common factor of 8 and g?
8
Let f = -53 + 18. Let z = f + 57. What is the highest common factor of 176 and z?
22
Suppose -4*x + 38 = -2. Suppose 5*n - x = 5. Let f be n/((-147)/78 - -2). What is the greatest common factor of 39 and f?
13
Let t be (0 - -1) + 2 + 0. Suppose -t*g = -0*g - 9. Let y(m) = -m**3 + 10*m**2 + 12*m - 9. Let j be y(11). What is the greatest common divisor of g and j?
1
Let g = 1 + -2. Let m be ((-6)/(-2) - g)*3. Calculate the greatest common factor of m and 8.
4
Suppose 0 = x - 123 + 114. What is the greatest common divisor of 207 and x?
9
Suppose 4*a - 185 = 5*k + 62, 5*a = -k + 287. Let m = 41 - -104. Calculate the highest common factor of m and a.
29
Let m(t) = t**2 + 2*t + 1. Let k be m(-3). Let s(h) = 2*h. Let n be s(k). Let b = 0 + n. What is the greatest common divisor of 56 and b?
8
Let t = 9 - 2. Let b = -3 + t. Suppose -k = -b*k + 42. What is the greatest common divisor of 14 and k?
14
Suppose 3*o = 4*l - 46 - 301, -4*l - 2*o + 342 = 0. Suppose -2*k - 4*b = -0*b + 76, -5*b = 0. Let w = l + k. Calculate the highest common factor of w and 6.
6
Let l(y) = 25*y**3 - y + 2. Let i be l(2). What is the greatest common factor of 20 and i?
20
Let l = -117 - -194. Calculate the highest common factor of l and 11.
11
Let l = -7 - -15. Suppose 4*w + 4*b = 140, l*b - 3*b + 225 = 5*w. Suppose -2*g + 8 + w = 0. Calculate the greatest common divisor of 12 and g.
12
Let p(b) = -2*b - 21. Let h be p(-13). Calculate the highest common factor of h and 30.
5
Let j(w) = w. Let m be j(2). Suppose -4*g - m = -3*g. Let x be (-4 - -2)/(g - -1). What is the greatest common factor of 18 and x?
2
Let h(u) = 2 + 16*u - 19*u - 3. Let j be h(-1). What is the greatest common divisor of j and 10?
2
Let v = 4 + 6. Calculate the highest common factor of 110 and v.
10
Suppose -4*x - x = -10. Suppose -7*c + 85 = 3*t - 2*c, -t - x*c + 27 = 0. What is the highest common divisor of t and 5?
5
Let t(g) = 2*g + 10. Let f be t(7). What is the highest common divisor of f and 96?
24
Let z(v) = -v**2 + 10*v - 7. Let x be z(9). Suppose 4*d = -2*c + 22, 3 = -5*c + 2*d - x. Let y = 2 + -1. Calculate the greatest common factor of y and c.
1
Let u(l) = l**2 + 19*l + 26. Let f be u(-18). Calculate the greatest common factor of f and 8.
8
Let f be (-4)/14 + (-2130)/(-105). What is the highest common factor of f and 4?
4
Let t = -4 - -9. Suppose 4*i - t*w - 93 = -4*w, -17 = -i - w. Calculate the greatest common divisor of i and 11.
11
Let p(q) = -3*q. Let n(k) = -3*k. Let u(t) = 3*n(t) - 4*p(t). Let c = 25 + -21. Let l be u(c). What is 